it of 101400?
4
What is the tens digit of 785116?
1
What is the units digit of 1801060?
0
What is the ten thousands digit of 321634?
2
What is the hundred thousands digit of 7502057?
5
What is the tens digit of 114908?
0
What is the ten thousands digit of 38266?
3
What is the ten thousands digit of 916430?
1
What is the hundreds digit of 189975?
9
What is the hundred thousands digit of 1123707?
1
What is the tens digit of 25467431?
3
What is the units digit of 16405513?
3
What is the hundreds digit of 7711978?
9
What is the units digit of 411195?
5
What is the units digit of 3380337?
7
What is the ten thousands digit of 1155507?
5
What is the tens digit of 18338455?
5
What is the hundred thousands digit of 5919227?
9
What is the millions digit of 2532005?
2
What is the thousands digit of 418496?
8
What is the millions digit of 10401471?
0
What is the ten thousands digit of 1498692?
9
What is the units digit of 3451925?
5
What is the millions digit of 1810925?
1
What is the millions digit of 2604384?
2
What is the hundred thousands digit of 708261?
7
What is the hundred thousands digit of 693168?
6
What is the ten thousands digit of 5763724?
6
What is the hundreds digit of 2175207?
2
What is the hundreds digit of 4495112?
1
What is the millions digit of 5586984?
5
What is the ten thousands digit of 564130?
6
What is the ten thousands digit of 5698055?
9
What is the thousands digit of 5622550?
2
What is the hundreds digit of 24480948?
9
What is the ten thousands digit of 148608?
4
What is the thousands digit of 25592371?
2
What is the tens digit of 110661?
6
What is the millions digit of 14426314?
4
What is the thousands digit of 6795?
6
What is the ten thousands digit of 182830?
8
What is the ten thousands digit of 1995468?
9
What is the ten thousands digit of 15444599?
4
What is the hundreds digit of 3651763?
7
What is the ten thousands digit of 1241777?
4
What is the hundreds digit of 462105?
1
What is the thousands digit of 978404?
8
What is the hundred thousands digit of 1782152?
7
What is the ten thousands digit of 396484?
9
What is the thousands digit of 235104?
5
What is the hundred thousands digit of 114805?
1
What is the units digit of 372896?
6
What is the hundred thousands digit of 383780?
3
What is the millions digit of 6625741?
6
What is the hundreds digit of 22030?
0
What is the hundreds digit of 423294?
2
What is the thousands digit of 431326?
1
What is the thousands digit of 4024235?
4
What is the thousands digit of 346914?
6
What is the tens digit of 8853835?
3
What is the ten thousands digit of 2721144?
2
What is the units digit of 8119076?
6
What is the units digit of 386556?
6
What is the ten thousands digit of 1556080?
5
What is the hundreds digit of 4244869?
8
What is the hundreds digit of 1227717?
7
What is the units digit of 718976?
6
What is the ten thousands digit of 251885?
5
What is the hundred thousands digit of 149222?
1
What is the hundred thousands digit of 3079396?
0
What is the tens digit of 2070447?
4
What is the tens digit of 1859025?
2
What is the thousands digit of 395527?
5
What is the tens digit of 81430?
3
What is the thousands digit of 51686?
1
What is the hundreds digit of 1118106?
1
What is the thousands digit of 2399596?
9
What is the tens digit of 248896?
9
What is the tens digit of 4246523?
2
What is the hundred thousands digit of 1183296?
1
What is the ten thousands digit of 2420853?
2
What is the tens digit of 1523295?
9
What is the thousands digit of 1614119?
4
What is the hundred thousands digit of 2249890?
2
What is the units digit of 12872041?
1
What is the hundred thousands digit of 262834?
2
What is the hundred thousands digit of 2569949?
5
What is the ten thousands digit of 313725?
1
What is the hundreds digit of 5898616?
6
What is the hundreds digit of 2464943?
9
What is the hundreds digit of 1413204?
2
What is the hundred thousands digit of 1074079?
0
What is the tens digit of 4340480?
8
What is the ten thousands digit of 130401?
3
What is the millions digit of 10616109?
0
What is the thousands digit of 476239?
6
What is the units digit of 109858?
8
What is the tens digit of 556516?
1
What is the units digit of 521367?
7
What is the tens digit of 90238?
3
What is the units digit of 1544753?
3
What is the ten thousands digit of 26283669?
8
What is the hundred thousands digit of 706285?
7
What is the hundred thousands digit of 871514?
8
What is the units digit of 580416?
6
What is the ten thousands digit of 12504795?
0
What is the millions digit of 14575975?
4
What is the units digit of 578547?
7
What is the ten thousands digit of 13587860?
8
What is the thousands digit of 6513?
6
What is the thousands digit of 596373?
6
What is the tens digit of 19449960?
6
What is the hundreds digit of 1591742?
7
What is the hundred thousands digit of 395704?
3
What is the hundreds digit of 215283?
2
What is the tens digit of 11645703?
0
What is the units digit of 28516039?
9
What is the tens digit of 211198?
9
What is the hundreds digit of 2967181?
1
What is the thousands digit of 16087157?
7
What is the hundreds digit of 1121628?
6
What is the units digit of 127284?
4
What is the ten thousands digit of 6929736?
2
What is the tens digit of 1518172?
7
What is the hundred thousands digit of 3888247?
8
What is the units digit of 596592?
2
What is the thousands digit of 8223695?
3
What is the ten thousands digit of 6962534?
6
What is the hundreds digit of 128067?
0
What is the tens digit of 2795120?
2
What is the hundred thousands digit of 924495?
9
What is the tens digit of 198679?
7
What is the units digit of 663911?
1
What is the hundreds digit of 10074?
0
What is the tens digit of 1046140?
4
What is the tens digit of 1321876?
7
What is the ten thousands digit of 650635?
5
What is the units digit of 8948385?
5
What is the units digit of 2682653?
3
What is the thousands digit of 287282?
7
What is the hundreds digit of 2773688?
6
What is the tens digit of 937706?
0
What is the units digit of 301861?
1
What is the ten thousands digit of 547780?
4
What is the ten thousands digit of 20415034?
1
What is the tens digit of 3404927?
2
What is the hundred thousands digit of 3438265?
4
What is the thousands digit of 179873?
9
What is the millions digit of 1144959?
1
What is the units digit of 119308?
8
What is the units digit of 394091?
1
What is the tens digit of 87868?
6
What is the tens digit of 91681?
8
What is the hundred thousands digit of 1078935?
0
What is the hundreds digit of 3630713?
7
What is the units digit of 63783?
3
What is the millions digit of 4569059?
4
What is the units digit of 2068578?
8
What is the thousands digit of 5057435?
7
What is the millions digit of 1090774?
1
What is the ten thousands digit of 11421149?
2
What is the hundred thousands digit of 9554989?
5
What is the units digit of 81034?
4
What is the hundred thousands digit of 14579659?
5
What is the tens digit of 418142?
4
What is the ten thousands digit of 3957825?
5
What is the ten thousands digit of 539252?
3
What is the tens digit of 92112?
1
What is the hundred thousands digit of 259199?
2
What is the units digit of 187443?
3
What is the hundreds digit of 1694172?
1
What is the thousands digit of 591893?
1
What is the tens digit of 6790714?
1
What is the millions digit of 13849696?
3
What is the ten thousands digit of 2973160?
7
What is the hundred thousands digit of 4909230?
9
What is the millions digit of 1209027?
1
What is the hundred thousands digit of 647211?
6
What is the millions digit of 1870163?
1
What is the ten thousands digit of 1098064?
9
What is the units digit of 382080?
0
What is the ten thousands digit of 164149?
6
What is the hundreds digit of 73469?
4
What is the units digit of 3682072?
2
What is the hundred thousands digit of 2358665?
3
What is the tens digit of 727646?
4
What is the hundred thousands digit of 5251100?
2
What is the ten thousands digit of 1716666?
1
What is the tens digit of 1919009?
0
What is the hundreds digit of 780179?
1
What is the ten thousands digit of 19126212?
2
What is the millions digit of 4519695?
4
What is the tens digit of 1709587?
8
What is the hundred thousands digit of 174711?
1
What is the thousands digit of 557575?
7
What is the hundred thousands digit of 1082595?
0
